en 3555 is divided by 157?
101
Calculate the remainder when 5348 is divided by 1312.
100
What is the remainder when 37097 is divided by 530?
527
What is the remainder when 5046 is divided by 151?
63
What is the remainder when 482598 is divided by 496?
486
What is the remainder when 374377 is divided by 598?
29
Calculate the remainder when 5467 is divided by 2730.
7
What is the remainder when 15666 is divided by 59?
31
What is the remainder when 63400 is divided by 3950?
200
Calculate the remainder when 32880 is divided by 6571.
25
What is the remainder when 1452 is divided by 243?
237
Calculate the remainder when 683 is divided by 146.
99
What is the remainder when 18276 is divided by 6?
0
What is the remainder when 3316 is divided by 302?
296
What is the remainder when 3405098 is divided by 193?
192
What is the remainder when 102893 is divided by 22?
21
Calculate the remainder when 938 is divided by 888.
50
What is the remainder when 3769 is divided by 385?
304
Calculate the remainder when 38524 is divided by 67.
66
Calculate the remainder when 2440 is divided by 1126.
188
What is the remainder when 14585 is divided by 78?
77
What is the remainder when 225 is divided by 162?
63
What is the remainder when 108871 is divided by 1111?
1104
What is the remainder when 1794908 is divided by 65?
63
Calculate the remainder when 38535 is divided by 133.
98
Calculate the remainder when 114884 is divided by 332.
12
What is the remainder when 1280 is divided by 89?
34
Calculate the remainder when 215897 is divided by 1023.
44
What is the remainder when 6418 is divided by 2104?
106
What is the remainder when 29496 is divided by 5884?
76
What is the remainder when 1881 is divided by 168?
33
What is the remainder when 354930 is divided by 7243?
23
Calculate the remainder when 219642 is divided by 91.
59
Calculate the remainder when 1086 is divided by 206.
56
What is the remainder when 1406 is divided by 872?
534
What is the remainder when 2082 is divided by 703?
676
Calculate the remainder when 81152 is divided by 28.
8
Calculate the remainder when 48796 is divided by 317.
295
What is the remainder when 109442 is divided by 54711?
20
Calculate the remainder when 1185790 is divided by 48.
46
What is the remainder when 15138 is divided by 5045?
3
Calculate the remainder when 167565 is divided by 11168.
45
Calculate the remainder when 29373 is divided by 7332.
45
What is the remainder when 1539642 is divided by 25?
17
Calculate the remainder when 6105 is divided by 161.
148
What is the remainder when 6429 is divided by 483?
150
What is the remainder when 221757 is divided by 440?
437
Calculate the remainder when 2426 is divided by 613.
587
Calculate the remainder when 3354 is divided by 26.
0
What is the remainder when 1168178 is divided by 52?
50
What is the remainder when 10847 is divided by 3559?
170
What is the remainder when 3940819 is divided by 387?
385
What is the remainder when 405 is divided by 59?
51
What is the remainder when 10200 is divided by 167?
13
Calculate the remainder when 20290 is divided by 44.
6
Calculate the remainder when 299917 is divided by 465.
457
Calculate the remainder when 2438 is divided by 96.
38
What is the remainder when 6885 is divided by 1022?
753
Calculate the remainder when 64166 is divided by 103.
100
What is the remainder when 1221705 is divided by 244339?
10
Calculate the remainder when 4399 is divided by 1434.
97
What is the remainder when 33571 is divided by 103?
96
Calculate the remainder when 17869 is divided by 8913.
43
Calculate the remainder when 9272 is divided by 2604.
1460
Calculate the remainder when 41236 is divided by 375.
361
What is the remainder when 7905 is divided by 176?
161
What is the remainder when 2396 is divided by 417?
311
What is the remainder when 110594 is divided by 26?
16
What is the remainder when 1284 is divided by 1232?
52
What is the remainder when 3965 is divided by 47?
17
Calculate the remainder when 23470 is divided by 48.
46
Calculate the remainder when 55672 is divided by 1638.
1618
What is the remainder when 1403685 is divided by 499?
497
What is the remainder when 16723 is divided by 2379?
70
Calculate the remainder when 3672 is divided by 859.
236
What is the remainder when 21994 is divided by 5471?
110
What is the remainder when 10737 is divided by 179?
176
Calculate the remainder when 135192 is divided by 33793.
20
Calculate the remainder when 16630 is divided by 104.
94
Calculate the remainder when 166255 is divided by 1732.
1715
What is the remainder when 2158 is divided by 2120?
38
Calculate the remainder when 355 is divided by 322.
33
What is the remainder when 514995 is divided by 50?
45
Calculate the remainder when 6264 is divided by 479.
37
What is the remainder when 31598 is divided by 204?
182
What is the remainder when 9929 is divided by 26?
23
Calculate the remainder when 1134 is divided by 408.
318
Calculate the remainder when 1524 is divided by 77.
61
Calculate the remainder when 51542 is divided by 12884.
6
Calculate the remainder when 315567 is divided by 1092.
1071
What is the remainder when 216039 is divided by 108015?
9
What is the remainder when 3452 is divided by 287?
8
Calculate the remainder when 330148 is divided by 31.
29
What is the remainder when 45786 is divided by 44?
26
What is the remainder when 140755 is divided by 107?
50
What is the remainder when 13477 is divided by 676?
633
Calculate the remainder when 20523 is divided by 811.
248
What is the remainder when 24371 is divided by 4869?
26
Calculate the remainder when 5133 is divided by 13.
11
What is the remainder when 114055 is divided by 69?
67
Calculate the remainder when 12991 is divided by 1014.
823
Calculate the remainder when 9459 is divided by 22.
21
What is the remainder when 5896 is divided by 4207?
1689
Calculate the remainder when 2760 is divided by 429.
186
What is the remainder when 86231 is divided by 83?
77
Calculate the remainder when 24642 is divided by 31.
28
Calculate the remainder when 8282 is divided by 148.
142
What is the remainder when 4993 is divided by 1660?
13
Calculate the remainder when 12688 is divided by 6339.
10
Calculate the remainder when 118287 is divided by 23654.
17
What is the remainder when 79406 is divided by 519?
518
Calculate the remainder when 7879 is divided by 1356.
1099
What is the remainder when 11071 is divided by 5530?
11
Calculate the remainder when 157 is divided by 88.
69
Calculate the remainder when 12073 is divided by 42.
19
Calculate the remainder when 60277 is divided by 220.
217
What is the remainder when 364 is divided by 78?
52
What is the remainder when 13081 is divided by 211?
210
What is the remainder when 2556058 is divided by 20?
18
Calculate the remainder when 142151 is divided by 384.
71
Calculate the remainder when 4167 is divided by 1197.
576
Calculate the remainder when 3294 is divided by 307.
224
Calculate the remainder when 1869959 is divided by 1649.
1642
What is the remainder when 93727 is divided by 223?
67
What is the remainder when 8136 is divided by 8095?
41
Calculate the remainder when 73242 is divided by 195.
117
What is the remainder when 882035 is divided by 13?
11
What is the remainder when 5521 is divided by 412?
165
What is the remainder when 5786 is divided by 9?
8
What is the remainder when 112237 is divided by 115?
112
What is the remainder when 15083 is divided by 284?
31
What is the remainder when 19931 is divided by 268?
99
What is the remainder when 2298 is divided by 462?
450
What is the remainder when 2185 is divided by 705?
70
What is the remainder when 3612 is divided by 129?
0
What is the remainder when 5137 is divided by 2334?
469
What is the remainder when 58074 is divided by 60?
54
What is the remainder when 5173 is divided by 1723?
4
Calculate the remainder when 5419 is divided by 324.
235
Calculate the remainder when 1578 is divided by 59.
44
Calculate the remainder when 193910 is divided by 114.
110
Calculate the remainder when 221361 is divided by 47.
38
What is the remainder when 82616 is divided by 201?
5
Calculate the remainder when 105557 is divided by 438.
437
Calculate the remainder when 21709 is divided by 65.
64
Calculate the remainder when 58555 is divided by 19419.
298
Calcula